 8?
3
Calculate the remainder when 6922 is divided by 33.
25
Calculate the remainder when 96251 is divided by 38.
35
Calculate the remainder when 1046 is divided by 64.
22
Calculate the remainder when 262 is divided by 22.
20
What is the remainder when 1782 is divided by 29?
13
What is the remainder when 887 is divided by 8?
7
Calculate the remainder when 227 is divided by 66.
29
Calculate the remainder when 88 is divided by 23.
19
What is the remainder when 56 is divided by 22?
12
What is the remainder when 254 is divided by 54?
38
What is the remainder when 250 is divided by 16?
10
Calculate the remainder when 756 is divided by 76.
72
Calculate the remainder when 269 is divided by 91.
87
What is the remainder when 758 is divided by 95?
93
What is the remainder when 1444 is divided by 112?
100
Calculate the remainder when 76 is divided by 5.
1
Calculate the remainder when 60 is divided by 6.
0
Calculate the remainder when 180 is divided by 37.
32
Calculate the remainder when 863 is divided by 25.
13
What is the remainder when 480 is divided by 13?
12
What is the remainder when 92 is divided by 32?
28
What is the remainder when 257 is divided by 129?
128
Calculate the remainder when 21 is divided by 7.
0
What is the remainder when 9910 is divided by 8?
6
What is the remainder when 282 is divided by 23?
6
What is the remainder when 16657 is divided by 19?
13
Calculate the remainder when 449 is divided by 15.
14
Calculate the remainder when 97 is divided by 38.
21
Calculate the remainder when 10194 is divided by 99.
96
Calculate the remainder when 863 is divided by 368.
127
Calculate the remainder when 52 is divided by 9.
7
Calculate the remainder when 109 is divided by 13.
5
What is the remainder when 9405 is divided by 42?
39
What is the remainder when 77 is divided by 30?
17
Calculate the remainder when 232 is divided by 14.
8
Calculate the remainder when 284 is divided by 82.
38
What is the remainder when 2745 is divided by 18?
9
Calculate the remainder when 152 is divided by 70.
12
What is the remainder when 2672 is divided by 29?
4
What is the remainder when 140 is divided by 53?
34
Calculate the remainder when 350 is divided by 53.
32
Calculate the remainder when 1670 is divided by 48.
38
What is the remainder when 403 is divided by 14?
11
Calculate the remainder when 92 is divided by 5.
2
Calculate the remainder when 951 is divided by 138.
123
Calculate the remainder when 896 is divided by 448.
0
What is the remainder when 406 is divided by 139?
128
What is the remainder when 566 is divided by 14?
6
What is the remainder when 127 is divided by 57?
13
Calculate the remainder when 522 is divided by 41.
30
Calculate the remainder when 598 is divided by 311.
287
What is the remainder when 78 is divided by 29?
20
Calculate the remainder when 6000 is divided by 999.
6
Calculate the remainder when 562 is divided by 186.
4
What is the remainder when 208 is divided by 49?
12
Calculate the remainder when 365 is divided by 81.
41
What is the remainder when 295 is divided by 111?
73
What is the remainder when 19345 is divided by 28?
25
What is the remainder when 41 is divided by 3?
2
Calculate the remainder when 2448 is divided by 124.
92
What is the remainder when 242 is divided by 120?
2
Calculate the remainder when 3 is divided by 3.
0
What is the remainder when 980 is divided by 323?
11
What is the remainder when 181 is divided by 91?
90
What is the remainder when 5235 is divided by 26?
9
Calculate the remainder when 1612 is divided by 226.
30
What is the remainder when 10716 is divided by 16?
12
Calculate the remainder when 1209 is divided by 289.
53
What is the remainder when 6799 is divided by 3393?
13
What is the remainder when 91 is divided by 52?
39
Calculate the remainder when 32 is divided by 5.
2
Calculate the remainder when 376 is divided by 27.
25
What is the remainder when 125 is divided by 43?
39
Calculate the remainder when 505 is divided by 102.
97
Calculate the remainder when 1268 is divided by 70.
8
What is the remainder when 119 is divided by 33?
20
Calculate the remainder when 63 is divided by 14.
7
Calculate the remainder when 1192 is divided by 26.
22
What is the remainder when 1583 is divided by 12?
11
Calculate the remainder when 2194 is divided by 58.
48
What is the remainder when 172 is divided by 87?
85
What is the remainder when 493 is divided by 62?
59
Calculate the remainder when 178 is divided by 60.
58
What is the remainder when 336 is divided by 114?
108
Calculate the remainder when 132 is divided by 10.
2
Calculate the remainder when 1613 is divided by 26.
1
What is the remainder when 660 is divided by 13?
10
Calculate the remainder when 263 is divided by 14.
11
What is the remainder when 1716 is divided by 40?
36
What is the remainder when 6717 is divided by 1343?
2
Calculate the remainder when 73 is divided by 56.
17
Calculate the remainder when 1798 is divided by 139.
130
Calculate the remainder when 2365 is divided by 74.
71
Calculate the remainder when 22302 is divided by 41.
39
Calculate the remainder when 74 is divided by 10.
4
What is the remainder when 148 is divided by 109?
39
Calculate the remainder when 3840 is divided by 489.
417
Calculate the remainder when 356 is divided by 39.
5
What is the remainder when 60 is divided by 41?
19
Calculate the remainder when 2846 is divided by 16.
14
Calculate the remainder when 729 is divided by 61.
58
Calculate the remainder when 1052 is divided by 106.
98
Calculate the remainder when 169 is divided by 36.
25
Calculate the remainder when 4992 is divided by 156.
0
What is the remainder when 303 is divided by 137?
29
Calculate the remainder when 96 is divided by 86.
10
What is the remainder when 49 is divided by 21?
7
What is the remainder when 832 is divided by 32?
0
Calculate the remainder when 321 is divided by 77.
13
Calculate the remainder when 10174 is divided by 55.
54
Calculate the remainder when 556 is divided by 9.
7
What is the remainder when 151 is divided by 89?
62
What is the remainder when 1536 is divided by 110?
106
What is the remainder when 177 is divided by 34?
7
Calculate the remainder when 2087 is divided by 110.
107
What is the remainder when 724 is divided by 47?
19
Calculate the remainder when 540 is divided by 179.
3
Calculate the remainder when 426 is divided by 245.
181
What is the remainder when 1699 is divided by 37?
34
Calculate the remainder when 96 is divided by 80.
16
What is the remainder when 1735 is divided by 864?
7
Calculate the remainder when 74 is divided by 39.
35
What is the remainder when 318 is divided by 76?
14
What is the remainder when 158 is divided by 96?
62
What is the remainder when 2847 is divided by 50?
47
What is the remainder when 32 is divided by 16?
0
Calculate the remainder when 2220 is divided by 52.
36
Calculate the remainder when 86 is divided by 22.
20
What is the remainder when 1854 is divided by 35?
34
Calculate the remainder when 85 is divided by 30.
25
Calculate the remainder when 88394 is divided by 77.
75
Calculate the remainder when 123 is divided by 29.
7
What is the remainder when 929 is divided by 62?
61
Calculate the remainder when 706 is divided by 80.
66
Calculate the remainder when 3090 is divided by 514.
6
What is the remainder when 93 is divided by 36?
21
Calculate the remainder when 5180 is divided by 862.
8
Calculate the remainder when 497 is divided by 496.
1
Calculate the remainder when 152 is divided by 136.
16
Calculate the remainder when 2271 is divided by 9.
3
What is the remainder when 5974 is divided by 92?
86
What is the remainder when 420 is divided by 417?
3
What is the remainder when 39 is divided by 11?
6
Calculate the remainder when 263 is divided by 14.
11
Calculate the remainder when 2168 is divided by 30.
8
What is the remainder when 267 is divided by 135?
132
What is the remainder when 49 is divided by 15?
4
Calculate the remainder when 429 is divided by 73.
64
What is the remainder when 15296 is divided by 340?
336
What is the remainder when 184 is divided by 67?
50
Calculate the remainder when 50 is divided by 3.
2
Calculate the remainder when 1733 is divided by 36.
5
Calculate the remainder when 46 is divided by 22.
2
What is the remainder when 306 is divided b